{"id":106,"date":"2025-04-22T20:03:37","date_gmt":"2025-04-22T23:03:37","guid":{"rendered":"https:\/\/fluxologiadoser.com.br\/?page_id=106"},"modified":"2025-06-05T17:08:43","modified_gmt":"2025-06-05T20:08:43","slug":"conversas-terapeuticas","status":"publish","type":"page","link":"https:\/\/fluxologiadoser.com.br\/?page_id=106","title":{"rendered":"Conversas Terap\u00eauticas"},"content":{"rendered":"\n<p class=\"has-text-align-center\"><em><strong>COM JU CHUAN<\/strong><\/em><\/p>\n\n\n\n<p class=\"has-text-align-center\"><strong>Para ter clareza e alinhar-se com a sua melhor vers\u00e3o.<\/strong><\/p>\n\n\n\n<p class=\"has-text-align-center\"><em>Sess\u00f5es individuais voltadas para quem busca mais clareza sobre o que vive e por que vive determinadas repeti\u00e7\u00f5es ou dificuldades.<\/em><br><br><em>Um espa\u00e7o onde, juntos, vamos investigar e tornar consciente o que ainda est\u00e1 inconsciente, abrindo espa\u00e7o para novas compreens\u00f5es e ressignifica\u00e7\u00f5es.<\/em><br><br><em>Com mais consci\u00eancia, \u00e9 poss\u00edvel caminhar com mais leveza, autenticidade e sentido.<\/em><\/p>\n\n\n\n<p><strong>Dura\u00e7\u00e3o<\/strong>: 1 hora<br><strong>Local<\/strong>: online<br><strong>Sess\u00e3o avulsa<\/strong>: R$ 250,00<br><strong>Op\u00e7\u00f5es de pacotes<\/strong>: consultar<\/p>\n\n\n\n<p><strong>Terapeuta<\/strong>:<\/p>\n\n\n\n<figure class=\"wp-block-image aligncenter size-large is-resized is-style-rounded\"><img loading=\"lazy\" decoding=\"async\" width=\"819\" height=\"1024\" src=\"https:\/\/fluxologiadoser.com.br\/wp-content\/uploads\/2025\/06\/FS_Apresentacao-819x1024.png\" alt=\"\" class=\"wp-image-145\" style=\"width:279px;height:auto\" srcset=\"https:\/\/fluxologiadoser.com.br\/wp-content\/uploads\/2025\/06\/FS_Apresentacao-819x1024.png 819w, https:\/\/fluxologiadoser.com.br\/wp-content\/uploads\/2025\/06\/FS_Apresentacao-240x300.png 240w, https:\/\/fluxologiadoser.com.br\/wp-content\/uploads\/2025\/06\/FS_Apresentacao-768x960.png 768w, https:\/\/fluxologiadoser.com.br\/wp-content\/uploads\/2025\/06\/FS_Apresentacao.png 945w\" sizes=\"auto, (max-width: 819px) 100vw, 819px\" \/><\/figure>\n\n\n\n<p>Interessados e\/ou d\u00favidas, basta preencher o formul\u00e1rio abaixo e entraremos em contato. Ou, se preferir, mande DM pelo nosso Instagram @<a href=\"http:\/\/instagram.com\/fluxologiadoser\" data-type=\"link\" data-id=\"instagram.com\/fluxologiadoser\" target=\"_blank\" rel=\"noreferrer noopener\">fluxologiadoser<\/a>.<\/p>\n\n\n<style id=\"wpforms-css-vars-102-block-04142f76-0118-48ea-8126-feb3517e7860\">\n\t\t\t\t#wpforms-102.wpforms-block-04142f76-0118-48ea-8126-feb3517e7860 {\n\t\t\t\t--wpforms-field-border-style: none;\n--wpforms-field-border-radius: 0px;\n--wpforms-button-border-radius: 0px;\n--wpforms-button-background-color: #657c4ab8;\n--wpforms-field-border-size: 0px;\n--wpforms-field-size-input-height: 31px;\n--wpforms-field-size-input-spacing: 10px;\n--wpforms-field-size-font-size: 14px;\n--wpforms-field-size-line-height: 17px;\n--wpforms-field-size-padding-h: 9px;\n--wpforms-field-size-checkbox-size: 14px;\n--wpforms-field-size-sublabel-spacing: 5px;\n--wpforms-field-size-icon-size: 0.75;\n--wpforms-label-size-font-size: 14px;\n--wpforms-label-size-line-height: 17px;\n--wpforms-label-size-sublabel-font-size: 13px;\n--wpforms-label-size-sublabel-line-height: 16px;\n--wpforms-button-size-font-size: 14px;\n--wpforms-button-size-height: 37px;\n--wpforms-button-size-padding-h: 15px;\n--wpforms-button-size-margin-top: 5px;\n\n\t\t\t}\n\t\t\t<\/style><div class=\"wpforms-container wpforms-container-full wpforms-block wpforms-block-04142f76-0118-48ea-8126-feb3517e7860 wpforms-render-modern\" id=\"wpforms-102\"><form id=\"wpforms-form-102\" class=\"wpforms-validate wpforms-form wpforms-ajax-form\" data-formid=\"102\" method=\"post\" enctype=\"multipart\/form-data\" action=\"\/index.php?rest_route=%2Fwp%2Fv2%2Fpages%2F106\" data-token=\"72f3cd743c940474e0838a136932f938\" data-token-time=\"1776150027\"><div class=\"wpforms-head-container\"><\/div><noscript class=\"wpforms-error-noscript\">Please enable JavaScript in your browser to complete this form.<\/noscript><div id=\"wpforms-error-noscript\" style=\"display: none;\">Please enable JavaScript in your browser to complete this form.<\/div><div class=\"wpforms-field-container\"><div id=\"wpforms-102-field_1-container\" class=\"wpforms-field wpforms-field-name\" data-field-id=\"1\"><label class=\"wpforms-field-label\" for=\"wpforms-102-field_1\">Nome Completo <span class=\"wpforms-required-label\" aria-hidden=\"true\">*<\/span><\/label><input type=\"text\" id=\"wpforms-102-field_1\" class=\"wpforms-field-large wpforms-field-required\" name=\"wpforms[fields][1]\" placeholder=\"insira o seu nome completo\" aria-errormessage=\"wpforms-102-field_1-error\" required><\/div><div id=\"wpforms-102-field_2-container\" class=\"wpforms-field wpforms-field-email\" data-field-id=\"2\"><fieldset><legend class=\"wpforms-field-label\">Email <span class=\"wpforms-required-label\" aria-hidden=\"true\">*<\/span><\/legend><div class=\"wpforms-field-row wpforms-field-large\"><div class=\"wpforms-field-row-block wpforms-one-half wpforms-first\"><input type=\"email\" id=\"wpforms-102-field_2\" class=\"wpforms-field-required wpforms-field-email-primary\" name=\"wpforms[fields][2][primary]\" placeholder=\"insira o seu email\" spellcheck=\"false\" aria-errormessage=\"wpforms-102-field_2-error\" required><label for=\"wpforms-102-field_2\" class=\"wpforms-field-sublabel after wpforms-sublabel-hide\">Email<\/label><\/div><div class=\"wpforms-field-row-block wpforms-one-half\"><input type=\"email\" id=\"wpforms-102-field_2-secondary\" class=\"wpforms-field-email-secondary wpforms-field-required\" data-rule-confirm=\"#wpforms-102-field_2\" name=\"wpforms[fields][2][secondary]\" placeholder=\"confirme o seu email\" spellcheck=\"false\" aria-errormessage=\"wpforms-102-field_2-secondary-error\" required><label for=\"wpforms-102-field_2-secondary\" class=\"wpforms-field-sublabel after wpforms-sublabel-hide\">Confirm Email<\/label><\/div><\/div><\/fieldset><\/div><div id=\"wpforms-102-field_18-container\" class=\"wpforms-field wpforms-field-number\" data-field-id=\"18\"><label class=\"wpforms-field-label\" for=\"wpforms-102-field_18\">Telefone <span class=\"wpforms-required-label\" aria-hidden=\"true\">*<\/span><\/label><input type=\"number\" id=\"wpforms-102-field_18\" class=\"wpforms-field-large wpforms-field-required\" name=\"wpforms[fields][18]\" placeholder=\"Insira o seu n\u00famero de telefone DDD+n\u00famero\" step=\"any\" aria-errormessage=\"wpforms-102-field_18-error\" required><\/div>\t\t<div id=\"wpforms-102-field_4-container\"\n\t\t\tclass=\"wpforms-field wpforms-field-text\"\n\t\t\tdata-field-type=\"text\"\n\t\t\tdata-field-id=\"4\"\n\t\t\t>\n\t\t\t<label class=\"wpforms-field-label\" for=\"wpforms-102-field_4\" >Mensagem Email Telefone<\/label>\n\t\t\t<input type=\"text\" id=\"wpforms-102-field_4\" class=\"wpforms-field-medium\" name=\"wpforms[fields][4]\" >\n\t\t<\/div>\n\t\t<div id=\"wpforms-102-field_3-container\" class=\"wpforms-field wpforms-field-textarea\" data-field-id=\"3\"><label class=\"wpforms-field-label\" for=\"wpforms-102-field_3\">Mensagem <span class=\"wpforms-required-label\" aria-hidden=\"true\">*<\/span><\/label><textarea id=\"wpforms-102-field_3\" class=\"wpforms-field-medium wpforms-field-required\" name=\"wpforms[fields][3]\" aria-errormessage=\"wpforms-102-field_3-error\" required><\/textarea><\/div><script>\n\t\t\t\t( function() {\n\t\t\t\t\tconst style = document.createElement( 'style' );\n\t\t\t\t\tstyle.appendChild( document.createTextNode( '#wpforms-102-field_4-container { position: absolute !important; overflow: hidden !important; display: inline !important; height: 1px !important; width: 1px !important; z-index: -1000 !important; padding: 0 !important; } #wpforms-102-field_4-container input { visibility: hidden; } #wpforms-conversational-form-page #wpforms-102-field_4-container label { counter-increment: none; }' ) );\n\t\t\t\t\tdocument.head.appendChild( style );\n\t\t\t\t\tdocument.currentScript?.remove();\n\t\t\t\t} )();\n\t\t\t<\/script><\/div><!-- .wpforms-field-container --><div class=\"wpforms-submit-container\" ><input type=\"hidden\" name=\"wpforms[id]\" value=\"102\"><input type=\"hidden\" name=\"page_title\" value=\"\"><input type=\"hidden\" name=\"page_url\" value=\"https:\/\/fluxologiadoser.com.br\/index.php?rest_route=\/wp\/v2\/pages\/106\"><input type=\"hidden\" name=\"url_referer\" value=\"\"><button type=\"submit\" name=\"wpforms[submit]\" id=\"wpforms-submit-102\" class=\"wpforms-submit\" data-alt-text=\"Enviando...\" data-submit-text=\"Enviar\" aria-live=\"assertive\" value=\"wpforms-submit\">Enviar<\/button><img loading=\"lazy\" decoding=\"async\" src=\"https:\/\/fluxologiadoser.com.br\/wp-content\/plugins\/wpforms-lite\/assets\/images\/submit-spin.svg\" class=\"wpforms-submit-spinner\" style=\"display: none;\" width=\"26\" height=\"26\" alt=\"Loading\"><\/div><\/form><\/div>  <!-- .wpforms-container -->\n\n\n<p><\/p>\n","protected":false},"excerpt":{"rendered":"<p>COM JU CHUAN Para ter clareza e alinhar-se com a sua melhor vers\u00e3o. Sess\u00f5es individuais voltadas para quem busca mais clareza sobre o que vive e por que vive determinadas repeti\u00e7\u00f5es ou dificuldades. Um espa\u00e7o onde, juntos, vamos investigar e tornar consciente o que ainda est\u00e1 inconsciente, abrindo espa\u00e7o para novas compreens\u00f5es e ressignifica\u00e7\u00f5es. Com [&hellip;]<\/p>\n","protected":false},"author":1,"featured_media":0,"parent":0,"menu_order":0,"comment_status":"closed","ping_status":"closed","template":"","meta":{"footnotes":""},"class_list":["post-106","page","type-page","status-publish","hentry"],"_links":{"self":[{"href":"https:\/\/fluxologiadoser.com.br\/index.php?rest_route=\/wp\/v2\/pages\/106","targetHints":{"allow":["GET"]}}],"collection":[{"href":"https:\/\/fluxologiadoser.com.br\/index.php?rest_route=\/wp\/v2\/pages"}],"about":[{"href":"https:\/\/fluxologiadoser.com.br\/index.php?rest_route=\/wp\/v2\/types\/page"}],"author":[{"embeddable":true,"href":"https:\/\/fluxologiadoser.com.br\/index.php?rest_route=\/wp\/v2\/users\/1"}],"replies":[{"embeddable":true,"href":"https:\/\/fluxologiadoser.com.br\/index.php?rest_route=%2Fwp%2Fv2%2Fcomments&post=106"}],"version-history":[{"count":10,"href":"https:\/\/fluxologiadoser.com.br\/index.php?rest_route=\/wp\/v2\/pages\/106\/revisions"}],"predecessor-version":[{"id":150,"href":"https:\/\/fluxologiadoser.com.br\/index.php?rest_route=\/wp\/v2\/pages\/106\/revisions\/150"}],"wp:attachment":[{"href":"https:\/\/fluxologiadoser.com.br\/index.php?rest_route=%2Fwp%2Fv2%2Fmedia&parent=106"}],"curies":[{"name":"wp","href":"https:\/\/api.w.org\/{rel}","templated":true}]}}